z(-4). Calculate the remainder when d(b) is divided by 10.
6
Let u be (3 - 4)/((-2)/4). Calculate the remainder when -4*152/(-266)*14/4 is divided by -2 + 4 - (u - 7).
1
Suppose 96 = 2*w - 5*a, -3*a = -w - a + 47. Suppose -16*k + 18*k = -4212. Calculate the remainder when w is divided by (-16)/(-44) + k/(-198).
10
Let y = 39 + -19. Let u be 1*3 - (-2 + 5). Suppose -2*a + 2*o + 143 - 43 = u, -3*a = 2*o - 175. What is the remainder when a is divided by y?
15
Let f(u) = -u**2 - 20*u + 14. Let t(a) = -a + 1 + 0*a**2 - 9*a**2 - a + a. Let s be t(1). Calculate the remainder when f(s) is divided by 38.
37
Let p(q) = -12*q + 36. Let x be p(3). Suppose 151 = 2*i + y, x*i - 323 = -4*i + 5*y. What is the remainder when i is divided by 26?
25
Let d(i) = -i**3 - 7*i**2 + 9*i + 11. Let t be d(-8). Suppose 12*c + 45 = t*c. What is the remainder when (152 + c)/7*(1 + 0) is divided by 3?
0
Let q = -1159 + 2610. What is the remainder when q is divided by 33?
32
Calculate the remainder when 12/14*553 + -10 is divided by 90.
14
Suppose 14*u - 111 + 83 = 0. Calculate the remainder when 892 is divided by u.
0
Suppose 0 = -2*b - 2*i + 1232, -1464 = -4*b + 4*i + 1016. Calculate the remainder when b is divided by 154.
2
Let k = 144 + -95. Let y = 2 - -43. Suppose 2*j + 3*b - 10 - y = 0, -5*b + 135 = 5*j. What is the remainder when k is divided by j?
23
Let n = -551 + 830. Suppose 0 = 4*j - 5*f - 315, -n - 141 = -5*j + f. Calculate the remainder when j is divided by 27.
4
Let p = -54 - -46. Let o(w) = w**3 + 11*w**2 + w - 3. Let v be o(p). Suppose 3*c = u + v, -10 = u - 6*u. What is the remainder when c is divided by 13?
9
Let h(s) = -14 - 22 + 10 - 6*s. What is the remainder when 54 is divided by h(-7)?
6
Suppose 537*f + 14742 = 558*f. What is the remainder when f is divided by 41?
5
Suppose 327 = 5*n + 107. What is the remainder when ((-14596)/267)/(4/(-6)) is divided by n?
38
What is the remainder when 8882 is divided by 4/(-54) - (-179145)/7290 - 5/(-2)?
26
Let l(p) = -28*p + 23. Let h be l(-9). Let i = h - 260. Let q(a) = 16*a**2 + 4*a + 2. What is the remainder when q(-2) is divided by i?
13
Suppose o + 5*y - 90 = 0, 0*o - 3*o + 4*y + 194 = 0. Calculate the remainder when -3 + 12 - (-8487)/41 is divided by o.
6
Suppose 25191 = 76*i + 9155. Calculate the remainder when 11815 is divided by i.
210
Let i be (92/161)/(2/7). Let a(o) = 6*o**2 - 5 - 3*o**2 - o - 2*o**i. Calculate the remainder when a(8) is divided by 26.
25
Suppose 0 = -1222*n + 1359*n - 8344 - 10699. Let p = -63 + 92. What is the remainder when n is divided by p?
23
Calculate the remainder when 963 is divided by 250 + (-13)/((-39)/(-21)).
234
Let m = 6919 - 6903. What is the remainder when 4733 is divided by m?
13
Let y(q) = -38*q - 18. Let r be y(-3). Suppose -4*w - o + r = -43, -3*o = -3*w + 123. Let x = -68 - -82. What is the remainder when w is divided by x?
8
Suppose -2*h + 386 - 2145 = -3*r, -4*h + 1178 = 2*r. What is the remainder when r is divided by 193?
8
Suppose -13*h + 966 = 56*h. Suppose y - 6*y + 265 = 0. Calculate the remainder when y is divided by h.
11
Suppose 2*h + 20 = 4*h. Suppose -3*v - 18 = -246. Suppose 0 = 3*t + 2*p - v, 3*t - 5*p = 58 - 17. Calculate the remainder when t is divided by h.
2
Let v(p) = 131*p + 409. Suppose 64 + 24 = 2*a. What is the remainder when a is divided by v(-3)?
12
Suppose -8*b + 28 = -15*b + 11*b. Calculate the remainder when 4743 is divided by b.
4
What is the remainder when 128 is divided by 4/2*((-114)/(-4) - (2 - 4))?
6
Let p = 2661 - 2476. What is the remainder when 1076 is divided by p?
151
Let c be -1 - 1*(-1 + -4). Suppose -5*b - 3*l + 406 = -105, c*b - 402 = l. Let z = 164 + -147. What is the remainder when b is divided by z?
16
Let j be 165/22 + -8 + (-982)/(-4). Let t = 278 - j. Calculate the remainder when t is divided by 17.
16
Let t = 37 - 33. Suppose 2*w = t*w + 180. What is the remainder when ((-4)/6)/((-16)/w)*-20 is divided by 16?
11
Suppose -415 - 220 = -5*p - 2*o, -5*o = 4*p - 525. Suppose 74 = s - p. Calculate the remainder when s is divided by 10.
9
Suppose 1048*u - 30742 = 3842. Suppose 34 - 10 = 2*v. What is the remainder when u is divided by v?
9
Calculate the remainder when (-12)/(-3) + -6 + 216 is divided by 54.
52
Let q = 111 + -61. Calculate the remainder when 2/3*202581/246 is divided by q.
49
Suppose 2*r - 3 = r. Let t(w) = 22*w + 46. Let i be t(-2). Suppose -5*j = 0, -r*a + 4*j + 26 = -i*a. Calculate the remainder when a is divided by 8.
2
Let x = -62 - -174. Suppose -6*r - x = -14*r. Calculate the remainder when ((-8)/(-10))/(6/405) is divided by r.
12
Suppose 820 = 15*v + 197 - 232. Calculate the remainder when 9917 is divided by v.
56
Suppose -372*j = 350*j - 741*j + 722. Calculate the remainder when 3028 is divided by j.
26
Let q be (16362/1)/(-6) + 3 + 1. Calculate the remainder when -2*3/27 - q/63 is divided by 27.
16
Suppose 25*z - 270 = -45. Suppose 0 = -z*w + w + 256. Calculate the remainder when 125 is divided by w.
29
Suppose -4*v - z + 9344 = 0, z + 408 = 2*v - 4270. What is the remainder when v is divided by 293?
286
Let t(v) = -2*v + 15. Let j be t(5). Suppose 577 - 97 = j*k. Let g = k + -82. Calculate the remainder when 47 is divided by g.
5
Let y be 0 - (-67 + 8/(-4)). Calculate the remainder when (-23)/y + 202/3 is divided by 14.
11
Suppose -3*y - 12*w + 10*w = -22, 0 = -3*y + 3*w + 27. Suppose -y*n + 323 = 11*n. What is the remainder when n is divided by 9?
8
Let l(n) = -123*n**3 + 5*n**2 - 20*n - 19. What is the remainder when 503 is divided by l(-1)?
116
Let v = -658 + 756. Calculate the remainder when 497 is divided by v.
7
Let t(q) = 2*q + 1. Let r be t(4). Let z = 22 + r. Suppose -5*v + 465 = -y, 4*v = 295*y - 297*y + 358. Calculate the remainder when v is divided by z.
30
Let t = -522 + 497. Let x(s) = s**2 + 6*s - 2. What is the remainder when x(t) is divided by 7?
4
Let n = 239 - 78. Suppose 2*h - n = -21. What is the remainder when h is divided by 28?
14
Let d(a) = a - 1. Let f(w) = 21*w - 3. Let v be (2/(-10))/((-15)/75). Let n be f(v). Calculate the remainder when 84 is divided by d(n).
16
Calculate the remainder when ((117/(-4))/(-13))/((-24153)/(-6036) + -4) is divided by 303.
297
Suppose -5*s + 52 = 39*u - 43*u, 0 = -2*u - 15*s + 184. Let t be 14/(-6) + (-4)/(-12). Let c = 8 + t. What is the remainder when c is divided by u?
0
Let y = 6204 + -5633. What is the remainder when y is divided by 14?
11
Let u = -149 - -189. Suppose -4*z + u = -r, 37*r - 42*r = z - 31. Calculate the remainder when 17 is divided by z.
6
Let j = 506 + -469. Let h = j - -14. Calculate the remainder when 97 is divided by h.
46
What is the remainder when 467 is divided by -39 + 36 + 5308/34 + (-4)/34?
8
Let z = 59 - 53. Suppose -4*d + z*d = 68. What is the remainder when 43 is divided by d?
9
Let y be (-37 - -7)/((4 + -2)*1). Let v(i) = -i**2 - 21*i - 56. Calculate the remainder when 73 is divided by v(y).
5
Let q = 65 - -12. Suppose 2*r - q = -3*g, -2*r - 37 = -3*r - 2*g. Calculate the remainder when 108 is divided by r.
22
Let l(q) = q**3 + q**2 - 20*q + 9. Let d(v) = -v**2 + v - 1. Let a(o) = 6*d(o) + l(o). Calculate the remainder when a(8) is divided by 43.
40
Suppose -1589 = -4*l - 3*n - 412, 1459 = 5*l + 2*n. Calculate the remainder when l is divided by 16.
1
Suppose 403 = 3*h - 2*s, 2*h - 4*s + 1961 - 2227 = 0. Calculate the remainder when 539 is divided by h.
134
Suppose -2*r = 2*z - 822, -22*z + 19*z - r + 1227 = 0. What is the remainder when z is divided by 12?
0
Let d(t) = 2*t**2 - 191*t + 885. Calculate the remainder when d(0) is divided by 175.
10
Let j(k) = 4*k**3 + k**2 + k. Let i(f) = 11*f**3 + 32*f**2 + 34*f + 26. Let v(r) = i(r) - 3*j(r). What is the remainder when v(30) is divided by 22?
12
Calculate the remainder when ((-263)/1841)/(1/(-15953)) is divided by 284.
7
What is the remainder when 1217 is divided by 35/1 - ((-14)/(224/176) + 4)?
41
Let c(i) = 2*i - 8. Let m be c(7). Suppose m*y + 483 = 13*y. Suppose 52 = 4*t - 4*s, -3*t - 3*s = -0*t - y. What is the remainder when 31 is divided by t?
13
Let g(u) = -176*u**3 - 14*u**2 - 29*u. What is the remainder when g(-2) is divided by 101?
97
Suppose 2*z - a = 355, -z + 36*a - 35*a = -175. What is the remainder when 1065 is divided by z?
165
Let h 